392*c - 9569. Give r(-30).
-29
Let z(h) = -5*h**2 - 755*h + 3083. Determine z(-155).
-17
Let d(v) = -4*v**3 - 59*v**2 + 57*v - 15. Calculate d(-16).
353
Let a(g) = -g**2 + 1431*g + 29234. Determine a(-20).
214
Let w(p) = -12*p**2 - 2290*p - 11439. Calculate w(-5).
-289
Let h(v) = -406*v + 226953. Give h(559).
-1
Let j(l) = -l**2 - 17233*l - 137838. Give j(-8).
-38
Let v(c) = -2*c**2 - 3737*c + 199535. What is v(52)?
-197
Let w(u) = -104*u**2 - 462*u - 463. Calculate w(-1).
-105
Let p(t) = -t**2 - 427*t - 40434. Calculate p(-138).
-552
Let b(p) = 395*p**3 + 56091*p**2 + 147*p + 564. Calculate b(-142).
-146
Let o(g) = -g**3 - 104*g**2 + 102*g - 443. What is o(-105)?
-128
Let v(n) = 37*n**2 - 8*n + 194. Determine v(7).
1951
Let p(u) = 3245*u + 262613. Calculate p(-81).
-232
Let j(r) = 47*r**3 + 25*r**2 + 21*r - 292. Give j(3).
1265
Let m(r) = 5*r**3 + 29*r**2 - 682*r - 4066. Give m(-6).
-10
Let t(w) = 44*w**3 - 40*w**2 - 15*w + 7. Give t(-3).
-1496
Let v(w) = 9628*w - 154080. What is v(16)?
-32
Let u(f) = -7*f**2 - 7*f + 112. Calculate u(-18).
-2030
Let o(x) = 2*x**2 + 2637*x + 792601. Determine o(-855).
16
Let m(f) = f**2 - 160*f + 4892. What is m(123)?
341
Let l(d) = d**3 + 65*d**2 + 109*d - 216. Calculate l(-63).
855
Let o(m) = 19*m**3 - 16*m**2 - 34*m + 82. What is o(3)?
349
Let v(b) = b**3 + 60*b**2 + 898*b + 214. What is v(-27)?
25
Let w(f) = f**2 - 8379*f - 67098. Give w(-8).
-2
Let j(t) = -t**2 + 380*t + 5270. Calculate j(-14).
-246
Let a(u) = -5*u**2 + 152*u - 1695. Calculate a(14).
-547
Let y(o) = o**2 - 671*o + 7260. Determine y(11).
0
Let c(v) = -v**3 - 21*v**2 - 8*v - 72. Calculate c(0).
-72
Let o(j) = -1784*j - 19714. What is o(-11)?
-90
Let w(o) = 5484*o + 1376421. Calculate w(-251).
-63
Let t(i) = 13387*i**2 - 13382*i + 15. Determine t(1).
20
Let m(t) = t**3 - 20*t**2 - 15814*t + 95382. What is m(6)?
-6
Let r(n) = -490*n - 277. Determine r(1).
-767
Let v(k) = -k**2 + 358*k + 1086. Calculate v(-3).
3
Let f(s) = s**3 - 315*s**2 - 2884*s + 166. Calculate f(-9).
-122
Let n(c) = 28*c**2 + 4838*c - 211936. Give n(-209).
-10
Let t(d) = 1665725*d - 4997172. What is t(3)?
3
Let u(c) = -6127*c + 14934. What is u(2)?
2680
Let t(m) = -10*m**2 + 922*m + 2795. Give t(-3).
-61
Let c(o) = o**3 - 224*o**2 - 16697*o - 41. Determine c(283).
-41
Let g(y) = -3346*y + 30089. Give g(9).
-25
Let q(p) = 12*p**2 - 830*p + 394. Determine q(68).
-558
Let g(f) = f**3 + 51*f**2 - 156*f + 143. What is g(-54)?
-181
Let r(m) = -404*m**2 + 6883*m - 252. Determine r(17).
3
Let v(m) = -4098*m + 20407. Give v(5).
-83
Let k(r) = -7*r**2 - 1589*r - 2995. Calculate k(-225).
155
Let t(x) = -x**3 + 57*x**2 + 4143*x - 237906. Give t(61).
-67
Let m(s) = 12568*s + 50307. What is m(-4)?
35
Let t(y) = -3*y**3 + 2048*y**2 + 4789*y + 4118. What is t(685)?
8
Let n(y) = 12*y**2 - 87*y - 2467. Determine n(-14).
1103
Let j(q) = 1505*q - 18411. Calculate j(12).
-351
Let w(r) = 591*r**2 + 2683*r + 5369. What is w(-2)?
2367
Let y(q) = q**3 + 17*q**2 - 123*q - 2105. What is y(-21)?
-1286
Let j(x) = -5*x**2 + 1286*x - 23790. Calculate j(237).
147
Let a(b) = -1303*b + 3602. Give a(3).
-307
Let g(t) = t**2 - 20*t - 1090. What is g(37)?
-461
Let j(l) = -919830*l - 26675074. What is j(-29)?
-4
Let p(s) = -s**2 - 457*s - 30141. Calculate p(-80).
19
Let u(k) = -10*k**2 - 233*k + 981. Give u(4).
-111
Let d(n) = -60300*n + 1568063. Determine d(26).
263
Let x(d) = -7*d**2 - 685*d + 5665. Calculate x(-105).
415
Let n(k) = -4*k**3 + 893*k**2 - 7916*k - 443. Calculate n(214).
-15
Let u(z) = -2*z**2 - 95*z - 1054. Calculate u(-21).
59
Let d(p) = -2482*p - 69504. Calculate d(-28).
-8
Let u(g) = 23*g**3 + 4*g**2 - 16*g - 86. Determine u(6).
4930
Let p(t) = 211037*t + 27223766. Determine p(-129).
-7
Let r(y) = y**3 + 40*y**2 + 23*y - 553. What is r(-39)?
71
Let d(c) = 6*c**3 - 313*c**2 + 80*c - 856. Calculate d(52).
600
Let d(c) = -182909*c - 2194889. What is d(-12)?
19
Let k(q) = -36*q**3 - 106*q**2 - 666*q - 561. What is k(-1)?
35
Let x(h) = 4301*h - 47799. Determine x(11).
-488
Let d(b) = -89*b**3 - 711*b**2 + 32*b + 342. Give d(-8).
150
Let w(u) = -11*u**2 - 39*u + 126. Determine w(-12).
-990
Let s(m) = -407*m**2 + 417*m + 420. Give s(-1).
-404
Let l(a) = a**2 - 1224*a + 13440. Give l(11).
97
Let u(j) = 939*j - 16982. What is u(18)?
-80
Let i(l) = -l**2 - 1554*l + 193717. What is i(116)?
-3
Let g(u) = -u**3 + 71*u**2 + 375*u + 210. What is g(76)?
-170
Let l(w) = -10*w**2 + 6801*w + 6807. What is l(-1)?
-4
Let h(i) = 2*i**2 - 1210*i + 40898. Determine h(36).
-70
Let h(g) = 295*g + 1239. Give h(-5).
-236
Let m(c) = 266*c**2 + 49*c + 78. What is m(-2)?
1044
Let h(o) = -744*o + 431. Calculate h(1).
-313
Let d(v) = -v**3 + 197*v**2 - 145*v - 8801. Give d(196).
1195
Let l(g) = -g**2 - 75*g + 7439. Determine l(-131).
103
Let v(j) = j**3 - 45*j**2 - 78*j + 337. Calculate v(47).
1089
Let r(o) = 307786*o + 2154457. Calculate r(-7).
-45
Let m(l) = -l**3 + 1182*l**2 + 17958*l + 38. Determine m(-15).
-7
Let m(g) = 20*g**3 + 155*g**2 - 24*g - 19. Give m(-8).
-147
Let t(r) = 208*r**2 - 41*r - 87. What is t(-2)?
827
Let l(d) = 2*d**3 + 335*d**2 - 450*d + 9639. Calculate l(-169).
6
Let g(l) = -1971*l + 906668. Calculate g(460).
8
Let t(a) = 10*a**3 + 109*a**2 + 182*a - 34. Give t(-9).
-133
Let w(n) = 50*n**2 + 24702*n - 48607. Give w(-496).
1
Let p(x) = -51*x**2 - 7543*x + 449. Give p(-148).
-291
Let u(g) = 10*g**2 - 153*g + 565. Determine u(4).
113
Let c(j) = -5815*j - 5785. Calculate c(-1).
30
Let j(z) = 143146*z + 3292319. Calculate j(-23).
-39
Let s(f) = -f**2 + 1786*f - 228814. Give s(139).
119
Let y(k) = k**2 + 433*k - 51509. What is y(97)?
-99
Let v(f) = 31416*f + 62853. Calculate v(-2).
21
Let s(f) = 228*f - 11434. Determine s(51).
194
Let w(n) = -3*n**2 - 213*n + 6083. What is w(-93)?
-55
Let w(d) = 11*d**2 + 75*d - 180. Calculate w(-8).
-76
Let y(m) = -2*m**2 + 156*m - 1522. Give y(71).
-528
Let q(n) = -n**3 - 40*n**2 - 419*n - 14101. What is q(-38)?
-1067
Let n(r) = 123567*r - 494206. What is n(4)?
62
Let h(z) = 9482*z + 28605. Determine h(-3).
159
Let m(v) = 2297*v - 36707. What is m(16)?
45
Let r(t) = -5961*t + 11909. Determine r(2).
-13
Let b(x) = -16*x**3 - 90*x**2 - 170*x - 868. Give b(-5).
-268
Let y(a) = -a**3 + 76*a**2 + 680*a - 29007. What is y(80)?
-207
Let j(a) = 3*a**3 + 47*a**2 - 60*a - 1684. What is j(-20)?
-5684
Let q(b) = -57*b**2 + 212*b + 99. What is q(4)?
35
Let j(t) = -2981*t - 48119. Determine j(-16).
-423
Let k(a) = 816*a + 172991. What is k(-212)?
-1
Let u(o) = -13*o**3 + 5*o**2 - 35*o + 46. Determine u(2).
-108
Let l(i) = -7450*i - 1147393. Calculate l(-154).
-93
Let f(z) = 338*z - 82887. Give f(245).
-77
Let w(n) = -1730*n - 62291. Determine w(-36).
-11
Let k(z) = -5*z**2 - 63340*z - 190011. Give k(-3).
-36
Let x(g) = -1256*g + 37816. What is x(29)?
1392
Let a(f) = f**2 + 1112*f + 36960. What is a(-35)?
-735
Let a(b) = 12*b**3 + 61*b**2 + 50*b + 224. Give a(-5).
-1
Let t(a) = 983*a**2 + 39*a - 195. Give t(0).
-195
Let g(u) = u**3 - 3*u**2 - 215*u - 636. Calculate g(-3).
-45
Let j(c) = -2243*c + 10723. What is j(6)?
-2735
Let u(l) = -4*l**2 + 342*l - 2315. Calculate u(7).
-117
Let i(y) = y**3 + 20*y**2 - 986*y - 741. Give i(-42).
1863
Let i(j) = 3213327*j + 16066632. Determine i(-5).
-3
Let a(q) = -213*q + 8251. Determine a(36).
583
Let p(s) = -327716*s + 1966300. Calculate p(6).
4
Let z(h) = 2*h**3 - 82*h**2 - 1415*h - 6874. Calculate z(55).
1
Let j(h) = h**2 - 49*h + 95. Determine j(12).
-349
Let c(d) = 2*d**3 - 512*d**2 + 4918*d + 587. What is c(246)?
95
Let d(f) = 1179*f - 61748. Determine d(53).
739
Let p(h) = -4*h**3 + 60*h**2 - 47*h - 96. Give p(14).
30
Let v(l) = 2*l**3 + 10*l**2 - 38*l - 103. Determine v(-12).
-1663
Let v(l) = 3170*l - 209389. Give v(66).
-169
Let s(z) = 2*z**3 + 89*z**2 - 975*z + 93. Determine s(12).
4665
Let s(m) = -m**2 - 1224*m - 241247. What is s(-247)?
72
Let i(s) = s**3 - 10*s**2 + 511*s - 3000. What is i(6)?
-78
Let f(d) = -9*d**3 - 1393*d**2 + 3145*d + 752. What is f(-157)?
-33
Let r(g) = 11*g**3 - 7*g**2 - 9791*g - 9784. What is r(-1)?
-11
Let r(g) = -4*g**3 - 105*g**2 + 99*g - 457. Determine r(-27).
-943
Let n(y) = 2*y**2 - 1997*y + 44947. Give n(23).
74
Let m(n) = 129*n + 2430. What is m(-30)?
-1440
Let w(y) = y**3 - 69*y**2 + 320*y - 86. 